 65 divide q?
True
Suppose -u - 2*c = 3*c - 17, u = -4*c + 16. Is 104 - 0 - u/(-3) a multiple of 18?
True
Let k(q) = -2*q + 28. Suppose 0*f - 30 = -5*f. Is k(f) a multiple of 2?
True
Suppose -131 = -3*m + 901. Does 15 divide m?
False
Suppose 6*l - 6682 = 8582. Does 11 divide l?
False
Let p(y) = 36*y. Let b(o) = -4*o + 7. Let d be b(-5). Let j = 29 - d. Is 36 a factor of p(j)?
True
Suppose 3*z = a + 103, -2*z + 0*a = -a - 67. Suppose -2*g + 293 = 5*b - 47, b - 41 = 5*g. Let w = b - z. Is w a multiple of 13?
False
Let v be (1 + -3 - -5) + 1 + 0. Suppose 3*l - 6 = -3*d + 9, -5*l + v*d = -34. Does 6 divide l?
True
Let k = 2191 + -1967. Is 7 a factor of k?
True
Suppose -2*p + 2010 = -2*k, -4*p = -k - 613 - 3416. Does 63 divide p?
True
Suppose 19*i = 20*i - 2*q - 91, -2*q + 249 = 3*i. Is i a multiple of 2?
False
Suppose -23*v = -21*v - 2*s - 3512, s + 7027 = 4*v. Does 89 divide v?
False
Suppose 0*a + 3*b + 5 = -a, -4*a = -4*b - 28. Let v(s) = 3*s + 13*s - 2*s - 8 + 12. Is v(a) a multiple of 19?
False
Suppose 7*u - 3*u - 16 = 0. Is 11 a factor of (-15)/((-74)/(-20) - u)?
False
Let a(h) be the first derivative of -h**4/4 + 2*h**3 + 5*h**2 - 5*h - 9. Does 8 divide a(7)?
True
Let t = -751 + 2499. Is t a multiple of 12?
False
Let o(d) = d**2 - 2*d - 7. Let s be o(-3). Suppose 25 = 3*z - s. Does 2 divide z?
False
Suppose 4*n - 1644 + 60 = 0. Does 22 divide n?
True
Let b(q) = 14*q**2 + q. Let m = -25 - -28. Suppose 2*d - s + 6 = -3*d, m*s + 18 = -3*d. Is 18 a factor of b(d)?
True
Is 6 a factor of ((-2056)/6)/((-4)/3)?
False
Let l = -4054 + 7186. Does 58 divide l?
True
Let i be (-2)/(-12) - (-102)/36. Suppose 2 = m, -i*m = t - 2*t + 30. Does 12 divide t?
True
Let w(d) = -d**3 - 27*d**2 - 59*d + 15. Let s be w(-25). Let q be (-1 - 0) + (0 - -5). Suppose q*z + z = 5*u - s, 0 = 2*u - 3*z - 96. Does 13 divide u?
False
Let o(k) = k**2 - k + 154. Let u be o(0). Suppose -3*v + 133 = -c - u, -v + 2*c = -99. Is 19 a factor of v?
True
Let d(q) = -q**3 - 3*q**2 + 9*q + 9. Let v = -27 - -19. Let o = v + 2. Does 22 divide d(o)?
False
Let t(m) = 216*m**2 - m. Let s be t(1). Suppose -s = -2*i + 181. Suppose -i = j - 4*j. Does 17 divide j?
False
Let y(r) = 67*r**3 + 2*r**2 - 2*r + 1. Let j be (2/(-6))/(6/(-18)). Let l be y(j). Suppose 3*o = 58 + l. Is 12 a factor of o?
False
Let g = 1952 + -1752. Is 8 a factor of g?
True
Suppose 0 = 3*k + 111 - 411. Let c(x) = -4*x**2 + 1. Let j be c(1). Does 25 divide 2/(308/k + j)?
True
Suppose -3*h + 830 = 5*m, h - 4*m = -m + 286. Does 70 divide h?
True
Let g be (1/(-3))/((-2)/(-12)). Let f be (0 - -5)/((-5)/g). Suppose -2 = p - 3*j, f*j + 4 = 3*j. Does 5 divide p?
True
Let p(y) = 8*y**3 - 3*y**2 + 2*y - 2. Is p(2) a multiple of 21?
False
Suppose 4*p - 5*u - 28 = 5*p, -84 = 2*p + 3*u. Let g = p + 105. Does 15 divide g?
False
Let j be 0 + 3 + 0 + -3. Let t be (2*(-2)/6)/(2/(-12)). Suppose 4*k + t = j, -5*h - 5*k + 10 + 5 = 0. Is 4 a factor of h?
True
Let y = 1204 - 615. Is 5 a factor of y?
False
Let k be 8*1 - (3 - 0). Suppose y - 4*s - 27 = 0, 1 = -4*s + k. Suppose 3*g - y = 8. Does 6 divide g?
False
Suppose c + 5*n = 174, 4*c = -n + 413 + 359. Does 8 divide c?
False
Let y(z) = z**3 + 4*z**2 + 8. Let p be y(4). Suppose k + v - p = 5*v, 4*v = 4*k - 520. Does 32 divide k?
True
Suppose 0 = -5*c - 10. Let g = 0 + c. Let m(o) = -7*o - 1. Does 11 divide m(g)?
False
Suppose 119*x + 526 = 120*x. Is 83 a factor of x?
False
Suppose 5*b - 294 = 261. Does 4 divide b?
False
Suppose -6 = 2*n, 6 = 4*j + n - 7. Let l(c) = -26*c + j + 2 - 5. Is l(-2) a multiple of 28?
False
Let s(d) = 2*d**3 - d**2 + d + 2. Let h be s(3). Is 3 a factor of h/8 + 3/(-12)?
True
Let m be 55/(-5) - (-6)/2. Let t = m - -7. Does 35 divide 107 - (t + 3) - 3?
False
Suppose 362 = 4*p + 3*b, 5*p + 0*b - 443 = b. Let f = -37 + p. Suppose -a - f = -5*a. Is a a multiple of 9?
False
Suppose -6 = -3*w + 5*h, 6*h - 43 = -4*w + h. Let a(k) = -21*k + 2*k**2 + w*k - 3*k**2 - 2. Is 8 a factor of a(-10)?
False
Let h(w) = 3*w**3 - 6*w**2 + 4*w + 9. Is 3 a factor of h(5)?
False
Does 12 divide 4/6 - (-4302)/(-27)*-7?
True
Suppose -h + 2 = 2*a, -4*h + 8*a - 3*a = -73. Suppose 3*w + 3*s + 48 = 0, 0 = 4*s + 7 - 3. Does 22 divide (h/w)/(2/(-155))?
False
Suppose 4*v - 214*f = -216*f + 3422, 5*v = -5*f + 4280. Does 96 divide v?
False
Suppose 25 = k + 3. Does 2 divide k?
True
Let w(y) = -2*y**3 - 4*y**2 - 2*y + 5. Let j(c) = c**3 + 2*c**2 + c - 2. Let m(k) = -9*j(k) - 4*w(k). Let d be m(-4). Let r = 76 - d. Does 12 divide r?
False
Let t(z) = z**3 - 13*z**2 - 13*z - 12. Let b be t(14). Suppose -2*v - 13 = 4*l - 45, -l + 35 = b*v. Does 9 divide v?
True
Let k = -43 - -56. Suppose -6*a - k + 421 = 0. Is a a multiple of 5?
False
Let j be 1 + (32 + -1)*-1. Let b = 11 + j. Let i = b + 46. Does 10 divide i?
False
Suppose 3*d - 424 = -n, n - 206 = -d - 62. Is 6 a factor of d/2 - (3 - 5)?
True
Let i = 229 + -207. Is i a multiple of 7?
False
Let m(s) = s**2 - 9*s + 4. Let r be m(9). Suppose -5*i - 10 = r*b, -2*i - 2 = 2. Suppose b = n + 4 - 16. Is n a multiple of 12?
True
Let h be 6/(-4)*72/(-27). Let n be -6 - (1 - h/(-4)). Is 29 a factor of 85 + 4*(-4)/n?
True
Suppose -20*j = -17*j. Suppose 0*w - 5*w - 100 = 5*s, j = 3*w + 2*s + 57. Let b = w - -69. Is 13 a factor of b?
True
Let t(p) = 186*p - 350. Does 107 divide t(11)?
False
Suppose -894 = -120*a + 117*a. Does 47 divide a?
False
Let k be (-4)/(-6)*(3 - 0). Suppose -k*i - 5*i = -161. Is 2 a factor of i?
False
Let u(x) = -x + 15. Let h be u(12). Suppose -p - h + 20 = f, 0 = -2*f + 2*p + 50. Let g = f + -5. Does 5 divide g?
False
Let u(q) = q + 13. Let c be u(-7). Does 10 divide 148/c*(-36)/(-24)?
False
Let n = 167 + 61. Is 3 a factor of n?
True
Suppose -6*c = -c, 0 = -2*g + 3*c + 8. Suppose -393 = -2*m - 3*h, 756 = 4*m - g*h - 0*h. Is m a multiple of 48?
True
Let g be (-2)/(1/3*-1). Let h(n) = -n**2 + 11*n - 19. Let m be h(8). Suppose -m*y + g*y = 108. Does 27 divide y?
True
Let m = 6 - 2. Suppose m*r - 8 = -c, 3*c + r = -3*r + 32. Let o(h) = h - 1. Is 11 a factor of o(c)?
True
Suppose 2*x = -11 - 5. Let l = 11 + x. Suppose 0 = l*j - 108 - 36. Is 12 a factor of j?
True
Let s be -39*(-2 + 8/(-6)). Let c be ((-8)/10)/((-2)/s). Suppose 10*r - 8*r - c = 0. Does 8 divide r?
False
Does 6 divide (0/(-2) - -8) + 276?
False
Suppose 572 = y - 4*l, l + 33 - 30 = 0. Does 8 divide y?
True
Let j(h) be the third derivative of -h**6/120 + h**5/10 + h**4/12 - 3*h**3/2 - 4*h**2. Let s be j(6). Suppose -s*w = -98 - 175. Is 20 a factor of w?
False
Is 8 a factor of (1792 - -12 - -6) + 4*1?
False
Suppose 0 = -p - 2*p - 5*b + 80, 4*p = -3*b + 114. Does 30 divide p?
True
Let k(d) be the first derivative of 3*d**4/4 - 7*d**3/3 + 4*d**2 + 9. Is 28 a factor of k(4)?
True
Let n(v) = v**2 - 50*v - 223. Does 26 divide n(55)?
True
Let u = 4 - -60. Let n = u - 14. Is 10 a factor of n?
True
Let l = -28 - -30. Is (-404)/(-4) + 1 + l a multiple of 26?
True
Let x = 73 + -69. Suppose -d - 348 = -5*h, 3*h + x*d = 2*h + 78. Does 12 divide h?
False
Suppose 13*i - 9*i = 3*v - 4004, -6666 = -5*v + 3*i. Does 12 divide v?
True
Let x(d) = d**3 - 16*d**2 + 15*d - 10. Let w be x(15). Let u(b) = b**2 + 10*b + 15. Let g be u(w). Is (-168)/(-20)*g/6 a multiple of 21?
True
Suppose -4*r - 3*m + 19 = 4, 5*r + 20 = 4*m. Suppose 113*w - 118*w + 860 = r. Does 29 divide w?
False
Does 26 divide (-1)/(4/(-1875)) - (-15)/(-20)?
True
Let i(g) = 50*g**2 + 9*g - 18. Is i(3) a multiple of 20?
False
Let q(p) be the second derivative of -p**5/20 - p**4/6 + p**3/2 - p**2/2 - 2*p. Let a = -31 - -26. Does 23 divide q(a)?
False
Suppose -15 = 4*i + 3*r, 2*r = -2*i - 9 + 1. Let l be (3/(-12) + (-19)/4)*-9. Is l - (1 - (0 - i)) a multiple of 32?
False
Let j = 13 + -5. Suppose -2*o + j = 3*p, -2*p + 0 = -o - 3. Is 23 a factor of ((-1)/p)/((-1)/136)?
False
Suppose -3328 = -5*b - l, -l + 1318 = 2*b - 5*l. Is b a multiple of 17?
False
Is (-7)/(546/(-16992)) + (-6)/(-39) a multiple of 43?
False
Suppose 3*l - g - 480 = 147, -3*g + 9 = 0. Does 21 divide l?
True
Suppose m = 21 - 7. Suppose 4*x - 3*h - m = 0, -4*x + 18 = 2*h - 7*h. Suppose -58 = -x*f + 34. Does 23 divide f?
True
Let l(k) = -5*k + 12. Let t = -51 - -31. Let c = t - -12. Is l(c) a multiple of 13?
True
Suppose -5*p + 5*a + 395 = 0, 4*p - a = 4*a + 313. Does 11 divide p?
F